 the hundreds digit of z?
1
Suppose -170 = -5*c + 6*l - 3*l, 3*c + l = 102. Suppose 2*h - c = z - 19, 2*h + 2*z - 18 = 0. What is the units digit of h?
8
Suppose -2*q = 2*q - 32. Suppose -4 = -2*n - d + 1, 0 = 2*n - 4*d - 20. What is the units digit of (-15)/n*q/(-3)?
0
Suppose -s - 35 = -6*s. Suppose p - s - 51 = -4*m, p - m - 43 = 0. What is the units digit of p?
6
Let l(m) = -2*m**2 - 3*m + 3. Let q be l(-6). Let n be 963/12 + (-3)/(-4). Let f = n + q. What is the units digit of f?
0
Let h(s) = 7*s**3 + 2*s**2 - 12*s - 3. Let b(v) = 6*v**3 + v**2 - 11*v - 2. Let x(j) = -6*b(j) + 5*h(j). Suppose -8 = 9*g - 53. What is the units digit of x(g)?
2
Let d be ((-1)/2 + -1)*140/42. What is the tens digit of 42/(-8) - d - 1186/(-8)?
4
Suppose -4*j - j - 4*t + 2556 = 0, j + t - 512 = 0. What is the tens digit of j?
0
Suppose 4*g + 5*v - 170 - 1158 = 0, g - 341 = v. What is the units digit of g?
7
Suppose -4*c + 41 = -123. Suppose -k = 2*k + 2*f - 148, -k + c = -f. What is the units digit of k?
6
Let g(r) = -78*r. Let h be g(1). Let x = -7 - h. What is the units digit of x?
1
Let w(h) = 2*h**2 - 2*h + 1. Let a be w(2). Suppose 2*n = 6, -a*l + 716 = -n - 2*n. What is the hundreds digit of l?
1
Let i(r) = r**2 - 10*r + 3. Let o be i(10). Suppose 0 = o*a - 0*a - 144. What is the units digit of a?
8
Let u(w) = w**2 - 18*w + 5. Suppose -5*f + 4*s - 19 = -70, 3*f - 5 = -4*s. Let j be u(f). What is the units digit of 0/((-1)/1) - j?
2
Let j(d) = -d. Let o(w) = w**2 + 13*w - 27. Let x(s) = 2*j(s) + o(s). What is the units digit of x(-15)?
3
Let u(l) = l**3 + 12*l**2 + 12*l - 10. Suppose -22 = 10*s - 8*s. Let v be u(s). What is the units digit of (-1287)/v + (-6)/21?
1
Let b be -3 + 1 + (-311)/1. Let q be 4/10 - b/5. Let d = q - 18. What is the units digit of d?
5
Suppose 10 + 4 = 2*p. Suppose 0 = -2*c - p*c + 1638. What is the hundreds digit of c?
1
Let f(y) = -y**3 + 4*y**2 + 4*y - 5. Let w be f(4). Suppose 0 = -4*z + w + 1. Suppose -c + 4*a = -16, -z*c + 65 = 2*a + 3*a. What is the tens digit of c?
2
Suppose 2*l + 3*b = 4*b - 184, 4*l = -3*b - 358. Let y = l - -253. What is the tens digit of y?
6
Let h(q) = 335*q - 7. Let x be h(1). Suppose -2*k + x = -0*k. What is the hundreds digit of k?
1
Suppose 0*l - l = -2*a + 7, 0 = -a - 4*l - 1. Suppose a*x = 2*x + 19. What is the tens digit of (1 + 1 + -1)*x?
1
Suppose -5*f - 3*k = -4626, -18*k = 2*f - 15*k - 1854. What is the hundreds digit of f?
9
Suppose 0 = 5*g + 20, 0*j - 609 = -5*j + g. What is the tens digit of j?
2
Let z be 260/6*(-6)/2. Let m be ((-6)/(-10))/((-2)/z). Suppose -m = -3*p + 150. What is the units digit of p?
3
Suppose 4*i - 1136 = -0*i. Let o = -192 + i. Suppose 26 - o = -3*l. What is the units digit of l?
2
Suppose 0 = -2*z + 4*u + 1980 - 550, 5*u + 2145 = 3*z. What is the units digit of z?
5
Suppose -2*n + 3777 = u, -5*n + 2*u - 5*u + 9445 = 0. What is the tens digit of n?
8
Suppose 68 = 4*p - p + o, -3*o = 12. Suppose 3*x - 5*w - 1 = 0, 5 - 12 = -x - 5*w. Suppose x*h - p = -h. What is the units digit of h?
8
Suppose t - 645 = 3*y, -5*t + 12*y + 3225 = 9*y. What is the hundreds digit of t?
6
What is the units digit of 1*3543*(-103)/(-309)?
1
Let i(a) = 2*a**2 - 2*a + 7. Let s be i(3). Let k be 66/(-11)*s/2. Let z = 96 + k. What is the units digit of z?
9
Let d(m) = -6*m**2 + 143*m + 9. What is the units digit of d(11)?
6
Suppose 2264 = -49*u + 57*u. What is the hundreds digit of u?
2
Let z = 123 - 49. Let f(j) = j**3 - 18*j**2 - 18*j - 15. Let k be f(19). Suppose 5*m + 3*x = -0*m + 76, z = k*m - 2*x. What is the tens digit of m?
1
Let j(u) = 21*u**2 - 7*u - 49. What is the tens digit of j(-5)?
1
Suppose 1 = h, 2*j - 7 = -5*h + 6. Let z be (0 - j - -68) + 0. Suppose -4*p + z = -3*p. What is the units digit of p?
4
Let w(p) = 42*p**2 + 29*p - 4. What is the hundreds digit of w(3)?
4
Suppose -2*j - j = -4*u + 68, -16 = 4*u. Suppose 0 = 5*o - 36 + 11, -3*f = 2*o + 140. Let a = j - f. What is the units digit of a?
2
Suppose 3*g - 158 = -0*g - 2*c, -g = -c - 46. What is the units digit of g/18 + 8/36?
3
Suppose 0 = 32*g - 30*g + 76. Let p = 127 + g. What is the units digit of p?
9
Suppose -3*a = -8*a - 65. Let w = 19 + a. What is the units digit of 8 - (-3 + w/2)?
8
Suppose 10*n - 96 = 7*n. Suppose 2*z = k + 3*k - 8, -2*z - 4*k + n = 0. What is the units digit of z?
6
Let u(t) = -t**3 - 15*t**2 - 14*t - 5. Let w be u(-14). Let v(d) = d**2 - 5*d + 6. Let a be v(w). What is the tens digit of a - (3 + -6)*-1?
5
Suppose 0 = 27*a - 5*a - 3014. What is the units digit of a?
7
Let t(f) = 12*f**3 + f**2 + 16*f - 52. What is the hundreds digit of t(4)?
7
Suppose -9*n - 24 = -60. Suppose -n*a = -0*a - 456. What is the units digit of a?
4
Let n = 11 + -7. Suppose -n*w - 5 = -2*r + r, 5*r = 2*w + 7. Suppose 4*m = 3 + r. What is the units digit of m?
1
Suppose -5*m - n - 518 + 3853 = 0, -m + 678 = -2*n. What is the hundreds digit of m?
6
Let l = -9 - -9. Suppose 5*u + 0*u = -15, l = 4*p - 4*u - 184. What is the tens digit of p?
4
Let z(i) = 962*i - 90. What is the tens digit of z(1)?
7
Suppose 8*m - 9*m = -3. Suppose 461 = 3*f - l, 3*f - 298 = f + m*l. What is the hundreds digit of f?
1
Let l(j) = -6*j + 6. Let v be l(4). Let m be 8/36 - 29696/v. What is the tens digit of 2/(-14) - m/(-35)?
4
Suppose 4*m - 108 = -3*b, -5*b - 2 = -22. Let i = -24 + m. Suppose i = -o + 19 + 20. What is the tens digit of o?
3
What is the hundreds digit of (-697)/(-2) - (-6)/36*3?
3
Suppose -4*j + j - 156 = 0. Let g = j - -112. What is the units digit of g?
0
Let a be (30 - 10)*26/8. Let d = 125 - a. Suppose -3*w = 2*w - d. What is the units digit of w?
2
Let q(f) = -13*f - 26 - f**2 + 2*f**2 - f**3 - 14*f**2. What is the hundreds digit of q(-13)?
1
Suppose -2*d - 2*h - 570 = 0, 55 = -2*d - 3*h - 512. Let v = 68 + -63. What is the units digit of (d/(-45))/(1/v)?
2
Let a = -373 - 210. Let d = -335 - a. What is the hundreds digit of d?
2
Let y = 18 + -2. Suppose y = 4*d - 4*c, 4 = -2*c + c. Suppose -3*x + 12 = d, -x - 26 + 99 = 3*g. What is the units digit of g?
3
Suppose 4*y - 5*t - 4 = 0, 2 = -4*y - t + 30. Suppose 0 = 10*n - y*n. Suppose 3*q + 1 - 37 = n. What is the tens digit of q?
1
Let n = -6 + 22. Let t(o) = o - 2*o**2 - 8 + n - 6 + o**3. What is the units digit of t(2)?
4
Let a(w) = 27*w**2 - 6*w - 50. What is the tens digit of a(9)?
8
Let m be 17/34 - 379/(-2). What is the units digit of m/15 + (-2)/(-6)?
3
Let s be (-5)/(-2) - (-2)/(-4). Suppose -3*y = -4*y - s. What is the tens digit of 1441/77 + y/(-7)?
1
Let g = -16 - -18. Let f(s) = 3*s**2 - 4 - 5*s**2 - s**3 - 12*s**g + 2*s**2 - s. What is the units digit of f(-12)?
8
Suppose -12 = 2*a - 4*a. Suppose 0 = -2*q + a*q - 16. Suppose 3*v = -q*r + 57, -2*r + 76 = 4*v + 2*r. What is the tens digit of v?
1
Let n(b) = 8*b**3 - 2*b**2 + 4*b + 8. Let q be n(-2). Let f = q + 130. What is the tens digit of f?
5
Let x be 3 + 6 - (4 - 3). Suppose 3*y + 2 = x. What is the units digit of 20 + y*(-1 - 0)?
8
Let i = -11 - -12. Suppose w = i + 2. What is the units digit of 26 - (w + -3 + 3)?
3
Let s = -154 + 95. Let t = -52 - s. What is the units digit of t?
7
Let u be (-6)/(2*(-3 - -2)). Suppose 2*b - 13 = -w - b, 31 = u*w + 5*b. Suppose w*n = 4*n + 66. What is the units digit of n?
2
Let z = -1356 - -2401. What is the thousands digit of z?
1
Let x be (-54)/(-8) + (-11)/(-44). Suppose -x*k = -3*k - 264. What is the units digit of k?
6
Suppose -714 = -5*g + 581. Suppose 3*s = -4*c + 383, 5*s + 5*c = 381 + g. What is the hundreds digit of s?
1
Let t(w) = -31*w**3 - 2*w**2 + 7*w + 2. Let g be t(-3). What is the tens digit of (2/(-5))/((-8)/g)?
4
Suppose 0 = -a - j + 4*j - 5, a + 5*j = 11. What is the tens digit of (a - -6)*(14/1 - -3)?
1
Let v be (5*-2)/2*-1. Let r = v + 5. What is the units digit of ((-5)/r)/((-2)/8)?
2
Suppose -4*w + w - u + 5 = 0, -2*w + 25 = 5*u. Suppose w*b = -b + 41. What is the tens digit of b?
4
What is the tens digit of (-27002)/(-552) + (-2)/(-24)?
4
Let g(y) = -y**2 - 4*y + 1. Let k be g(-2). Suppose -n - k = -3*h, 3*h - 11 = -2*h - n. Suppose 0 = -0*b + h*b - 2. What is the units digit of b?
1
Let h be 20/10 + (2 - 1). Suppose -15 = -h*y, y + 12 = -4*x + 5*y. Suppose -x*b = j - 54, 0*j - 226 = -4*j - 3*b. What is the tens digit of j?
5
Let c(m) = 3*m**2 